 of 131237506?
5
What is the tens digit of 55548690?
9
What is the ten thousands digit of 19389295?
8
What is the hundred millions digit of 268060196?
2
What is the units digit of 2941537615?
5
What is the thousands digit of 17895494?
5
What is the ten millions digit of 177075138?
7
What is the hundred thousands digit of 4076623448?
6
What is the hundred thousands digit of 909857758?
8
What is the units digit of 54126764?
4
What is the millions digit of 155262061?
5
What is the tens digit of 74573851?
5
What is the units digit of 380180050?
0
What is the millions digit of 675788452?
5
What is the ten millions digit of 329404526?
2
What is the ten thousands digit of 342248591?
4
What is the tens digit of 46752615?
1
What is the millions digit of 1449804344?
9
What is the hundred thousands digit of 86975376?
9
What is the millions digit of 1098653746?
8
What is the millions digit of 2503734908?
3
What is the tens digit of 155157900?
0
What is the ten thousands digit of 1916404166?
0
What is the ten millions digit of 237004373?
3
What is the units digit of 929039404?
4
What is the ten thousands digit of 81186460?
8
What is the hundreds digit of 19639?
6
What is the units digit of 150858437?
7
What is the units digit of 209008893?
3
What is the tens digit of 49952620?
2
What is the ten thousands digit of 2521797926?
9
What is the tens digit of 24432696?
9
What is the units digit of 1215926925?
5
What is the millions digit of 904390315?
4
What is the tens digit of 2909071442?
4
What is the millions digit of 597721343?
7
What is the hundred millions digit of 3142028858?
1
What is the ten millions digit of 1401213144?
0
What is the millions digit of 58819050?
8
What is the ten thousands digit of 11335228?
3
What is the ten millions digit of 4962489282?
6
What is the thousands digit of 52370420?
0
What is the hundred thousands digit of 31846986?
8
What is the hundred millions digit of 893109266?
8
What is the hundred thousands digit of 829816854?
8
What is the hundreds digit of 101007679?
6
What is the hundred thousands digit of 850931362?
9
What is the hundred thousands digit of 107859519?
8
What is the billions digit of 2861852819?
2
What is the ten millions digit of 3848116715?
4
What is the billions digit of 4224732551?
4
What is the hundreds digit of 26120856?
8
What is the hundreds digit of 849838398?
3
What is the thousands digit of 59450588?
0
What is the ten thousands digit of 462230932?
3
What is the units digit of 65827470?
0
What is the tens digit of 28157473?
7
What is the millions digit of 3155355001?
5
What is the hundred thousands digit of 272037230?
0
What is the millions digit of 1476859379?
6
What is the hundred thousands digit of 31591185?
5
What is the ten millions digit of 674491134?
7
What is the units digit of 149808998?
8
What is the hundreds digit of 1368992390?
3
What is the units digit of 1322624792?
2
What is the hundreds digit of 3392499?
4
What is the millions digit of 99134080?
9
What is the millions digit of 4436203351?
6
What is the millions digit of 47554718?
7
What is the hundreds digit of 1853724952?
9
What is the hundred millions digit of 196019666?
1
What is the ten thousands digit of 380446793?
4
What is the thousands digit of 30696825?
6
What is the millions digit of 19742438?
9
What is the millions digit of 247589157?
7
What is the ten millions digit of 253329182?
5
What is the hundred thousands digit of 3031436197?
4
What is the millions digit of 204870727?
4
What is the thousands digit of 124940284?
0
What is the hundred thousands digit of 17777498?
7
What is the hundreds digit of 756271011?
0
What is the billions digit of 2051038045?
2
What is the hundred thousands digit of 521780991?
7
What is the hundred thousands digit of 3125635?
1
What is the units digit of 675266070?
0
What is the tens digit of 2621792132?
3
What is the millions digit of 3217294479?
7
What is the hundreds digit of 1771174940?
9
What is the hundred thousands digit of 865925626?
9
What is the hundred thousands digit of 56476023?
4
What is the thousands digit of 71026984?
6
What is the ten thousands digit of 684178620?
7
What is the ten millions digit of 3079685584?
7
What is the millions digit of 183058568?
3
What is the thousands digit of 32009111?
9
What is the ten thousands digit of 1224194697?
9
What is the ten millions digit of 30185701?
3
What is the millions digit of 6493450531?
3
What is the hundreds digit of 10213249?
2
What is the thousands digit of 111292744?
2
What is the units digit of 956033287?
7
What is the ten thousands digit of 50064523?
6
What is the millions digit of 104442607?
4
What is the ten millions digit of 77058578?
7
What is the ten millions digit of 384669712?
8
What is the tens digit of 260012979?
7
What is the hundred thousands digit of 193490359?
4
What is the millions digit of 422324585?
2
What is the ten millions digit of 123834184?
2
What is the units digit of 22358189?
9
What is the ten thousands digit of 103211935?
1
What is the billions digit of 3472738418?
3
What is the ten thousands digit of 148493134?
9
What is the tens digit of 48905679?
7
What is the thousands digit of 48411686?
1
What is the ten thousands digit of 12985911?
8
What is the millions digit of 61422200?
1
What is the tens digit of 67875797?
9
What is the billions digit of 4019326130?
4
What is the hundred thousands digit of 2780865298?
8
What is the units digit of 33006837?
7
What is the millions digit of 25171555?
5
What is the thousands digit of 250898956?
8
What is the units digit of 280007203?
3
What is the millions digit of 18918847?
8
What is the ten millions digit of 89471694?
8
What is the tens digit of 756755961?
6
What is the hundred thousands digit of 70361473?
3
What is the hundred thousands digit of 129875748?
8
What is the units digit of 380142728?
8
What is the hundred millions digit of 696905160?
6
What is the tens digit of 88476991?
9
What is the hundred millions digit of 7669564908?
6
What is the hundred thousands digit of 60895311?
8
What is the ten millions digit of 489492953?
8
What is the ten thousands digit of 876319705?
1
What is the millions digit of 23624797?
3
What is the millions digit of 105583840?
5
What is the tens digit of 116373214?
1
What is the units digit of 125766136?
6
What is the billions digit of 2185139744?
2
What is the tens digit of 14004713?
1
What is the ten millions digit of 74899393?
7
What is the thousands digit of 1275633892?
3
What is the tens digit of 4482389655?
5
What is the units digit of 215565148?
8
What is the ten millions digit of 2304257984?
0
What is the units digit of 516408153?
3
What is the tens digit of 1383940929?
2
What is the hundred thousands digit of 74659951?
6
What is the hundred thousands digit of 72933174?
9
What is the ten thousands digit of 13196845?
9
What is the units digit of 1779854?
4
What is the units digit of 2717288798?
8
What is the ten thousands digit of 427807483?
0
What is the hundred millions digit of 811023569?
8
What is the millions digit of 298672831?
8
What is the units digit of 870888702?
2
What is the units digit of 5440130963?
3
What is the ten millions digit of 96021272?
9
What is the units digit of 1683600889?
9
What is the thousands digit of 408027781?
7
What is the ten millions digit of 4294244393?
9
What is the millions digit of 102332244?
2
What is the billions digit of 3047402145?
3
What is the ten thousands digit of 221923885?
2
What is the thousands digit of 2666835089?
5
What is the hundred millions digit of 1517070995?
5
What is the units digit of 3834822980?
0
What is the units digit of 1811749656?
6
What is the ten millions digit of 28588628?
2
What is the hundred millions digit of 112631423?
1
What is the hundreds digit of 136061007?
0
What is the hundred millions digit of 287505014?
2
What is the tens digit of 4346825428?
2
What is the hundreds digit of 467196322?
3
What is the thousands digit of 110127832?
7
What is the ten thousands digit of 18688404?
8
What is the thousands digit of 169687949?
7
What is the hundred thousands digit of 9318104?
3
What is the units digit of 613681878?
8
What is the millions digit of 791069639?
1
What is the ten thousands digit of 2972246270?
4
What is the hundred thousands digit of 148